8*z - 304. What is the remainder when 494 is divided by f(40)?
14
Suppose -2*o = 3*o - 5*n - 240, 148 = 3*o - n. Let p = 54 - o. Suppose p*q + 2*y = 426, 2*q - y - 210 = -5*y. What is the remainder when q is divided by 27?
26
Let v = 40 - 39. Let g(a) = a + 2. Let c be g(v). Suppose 5*p - 5 = -c*l + 2, 2*l + 12 = 5*p. What is the remainder when 5 is divided by p?
1
Let x(k) = -2*k**2 + 36*k + 179. Let l be x(32). Let z = l + 1291. Calculate the remainder when z is divided by 32.
30
Let z = 293 - 140. Let j = -8635 - -8711. What is the remainder when z is divided by j?
1
Calculate the remainder when 3 - (-132 + -16 - -10) is divided by 34.
5
Calculate the remainder when 2143 is divided by (11899/(-146))/(3/(-6)).
24
Suppose -406*h + 402*h + 1600 = 0. What is the remainder when h is divided by 37?
30
Suppose 0 = 4*c + 3*b + 1979, 0 = -5*c + 4*b - 5*b - 2482. Let v = 583 + c. What is the remainder when v is divided by 24?
14
Let s(l) = 125*l - 4014. What is the remainder when 2326 is divided by s(33)?
106
Let b(u) = -u**2 - 1. Let o be 5/(-5)*1/3*0. Let x be b(o). What is the remainder when 32 is divided by (-182)/(-10) + 2/10*x?
14
Let v(g) = g**3 - 7*g**2 - 96*g + 4. What is the remainder when 956 is divided by v(14)?
28
Let h = 403 + -380. Suppose 0 = -h*m + 761 + 228. Calculate the remainder when 558 is divided by m.
42
Suppose 194*q - 192*q - 138 = 0. Let r = -58 + q. What is the remainder when 197 is divided by r?
10
Suppose -354 = 5*c - 969. Let y be c/(-9) - 4/12. What is the remainder when (-1564)/y + 14/49 is divided by 19?
17
Suppose 3*y = l + 6, l - 6*y + 11 = -2*y. Suppose -2060 = -k - l*k. What is the remainder when k is divided by 57?
35
Suppose s = -4, -8*s = j - 9*s - 1. What is the remainder when 90 is divided by ((-2)/(-4))/(j/(-42))?
6
Suppose -16*p = -15*p - 125. Let l = 259 - 243. Calculate the remainder when p is divided by l.
13
Let x = 250 - 166. Calculate the remainder when (-2)/(-12) + 1890/972*138/10 is divided by (1/3)/(4/x).
6
Calculate the remainder when ((-41662)/(-4))/((-1110)/444 + (0 - -3)) is divided by 124.
123
Suppose 1351*w + 32 = 1352*w - 2*x, 0 = 2*x - 20. Let z(b) = -b**3 + b + 35. Calculate the remainder when w is divided by z(0).
17
Suppose 0 = j - 4 - 1. Let y(q) = -4*q + 5. Let z be y(-31). Suppose -14*x = -z - 109. What is the remainder when x is divided by j?
2
Suppose -27*w = -24*w - 6. Calculate the remainder when (-1)/(-4) - (-70)/8 is divided by (-2 + -2 + w)*2*-1.
1
Suppose 589 = 19*s - 984 - 1106. Let c(v) = 4*v + 283. Calculate the remainder when c(0) is divided by s.
1
Calculate the remainder when 343 is divided by (10 + (-540)/24)*-12.
43
Let z(i) = i**3 - 2*i - 15. Let o be z(-6). Let p = 296 + o. What is the remainder when p is divided by 20?
17
Let h = -1 + 1. Let q = h - -2. Suppose -196 = -6*t + q*t. Calculate the remainder when t is divided by 26.
23
Let r(m) = m**3 + 5*m**2 - 3*m + 15. Suppose 30 = -5*f - f. Suppose -2*y - 3*s + 4 = 0, 0 = -43*s + 39*s - 16. What is the remainder when r(f) is divided by y?
6
Suppose 2*z - 22 = 30. Let a = -425 + 427. Suppose -q + 200 = 4*v - 199, 0 = -v - a*q + 105. What is the remainder when v is divided by z?
21
Let n = -71 - -678. Calculate the remainder when n is divided by 125.
107
Let v be ((-4)/(-6))/(100/(-36) + 3). Suppose -2*r = v*m - 55, 2*r + 9 = -5*m + 66. Suppose -3*c - r = -77. What is the remainder when 100 is divided by c?
15
Suppose -31*f = -4695 - 1102. Calculate the remainder when 676 is divided by f.
115
Suppose -30 = 4*k - 42. Suppose 0 = -3*h + 2*h + 4*z + 8, k*h - 60 = 3*z. Let d(p) = -p**2 + 6*p + 116. Calculate the remainder when d(0) is divided by h.
20
Let o be -3 - 0 - (40/(-4) + 3). Suppose o*x - s - 126 = 0, 8*x - 4*s = 5*x + 101. What is the remainder when 52 is divided by x?
21
Suppose 37 - 2 = 5*j. Let n(u) = -4*u + 27. Let v be n(j). Let g(x) = -2*x**3 - x**2. What is the remainder when g(v) is divided by 1?
0
Let g be 90/(-7) - 21/147. Let i be (11 + g)/((-4)/514). Let p = -146 + i. Calculate the remainder when p is divided by 28.
27
Let n(v) = 2*v**2 - 23*v - 38. Let a be n(13). Calculate the remainder when 45 is divided by a*111/(-2)*(-2)/3.
8
Suppose 0 = 3*z - 4*n + 9*n - 130, -4*z = -4*n - 120. Suppose -z = 4*j - 63. Calculate the remainder when 1/(((-10)/54)/(-5)) is divided by j.
6
Let z(i) = -6*i + 157. Calculate the remainder when z(-34) is divided by 13.
10
Let i(p) = -6*p - 18. Let n(m) = -3*m**2 + 7*m + 5. Let d be n(9). Let v = d - -221. Calculate the remainder when v is divided by i(-7).
22
Let t(w) = 3 + 13 - 9*w + 19 - 8*w + w**2. What is the remainder when t(0) is divided by 9?
8
Let s = 1083 - 724. Let r = s - 158. Let v = r + -140. What is the remainder when v is divided by 16?
13
Let m = -967 - -976. Calculate the remainder when 4282 is divided by m.
7
Suppose 10*u + 5*u = 17820. Suppose -22*g - 14*g + u = 0. What is the remainder when 53 is divided by g?
20
Suppose -2*p + 28 + 10 = 0. Suppose -p - 6 = -5*y. Suppose 7*u = 4*u - y*n + 49, -2*u = 4*n - 32. What is the remainder when u is divided by 7?
4
Suppose 3*w - 15 + 29 = 4*q, -5*q = 4*w - 33. Suppose 49 = l - 2*z, w*l = z - 0*z + 89. What is the remainder when 83 is divided by l?
40
Suppose -l = 2*u + 7, 4*l - 8 = 4*u - 0*l. Let t be (u - -2)*-8 - -1. Suppose 6*m = t*m - 75. What is the remainder when 123 is divided by m?
23
Suppose -34 + 374 = 20*r. Suppose 7*j = -2*y + 6*j + r, 3*j - 29 = -4*y. Calculate the remainder when 195 is divided by y.
8
Let s = 21 + -7. Suppose -2*o = -s - 0. Suppose o*c - 108 = 5*c. Calculate the remainder when c is divided by 19.
16
Let t be 140/168 + (-23)/6. What is the remainder when 100 is divided by 10848/288 + 2/t?
26
Let q = 15 - 15. Suppose -2*l + 1 + 25 = q. Suppose f - 2*f = -l. Calculate the remainder when 38 is divided by f.
12
Let b(z) = z**2 + 7. Let p(m) = -2*m**2 + m - 6. Let j be (7/(21/(-18)))/(4/2). Let a(g) = j*b(g) - 4*p(g). Calculate the remainder when 59 is divided by a(2).
14
Let u = -65 + 67. Suppose -v = 5*b + v - 323, -u*b + 4*v = -110. What is the remainder when 245 is divided by b?
56
Suppose -52*i + 50*i = 754. Let h be 3/(-2) + i/(-26). Let z(s) = 9*s - 8. What is the remainder when z(h) is divided by 23?
17
Let k(w) = w**3 + 5*w**2 + 3*w - 3. Let r be k(-3). Suppose -s + r*s = 710. Suppose s - 16 = 6*u. Calculate the remainder when 124 is divided by u.
19
Let p = 7455 + -6656. What is the remainder when p is divided by 25?
24
Suppose -7*g + 100 = -3*g. Let k(m) = 3*m. Let y(l) = -19*l - 43. Let j(i) = 3*k(i) + y(i). What is the remainder when j(-9) is divided by g?
22
Let k = 4306 - 4274. Suppose 4*b - 2*b - 20 = 0. Calculate the remainder when k is divided by b.
2
Let v(n) be the third derivative of n**6/120 + 9*n**5/20 - 29*n**4/24 - 25*n**3/6 + n**2 - 60*n. Calculate the remainder when v(-28) is divided by 1.
0
What is the remainder when 431 is divided by (-220)/(-1*(11 + -9))?
101
Suppose -3*k = -2*k - 66. Let s = k - 63. Suppose 0*o - s*h = o - 14, o - 13 = -2*h. What is the remainder when 11 is divided by o?
0
Let p(t) be the second derivative of -t**5/20 - t**4/3 - t**3/6 + 2*t**2 + 4*t. Suppose 7*l + 4*l - 154 = 0. Calculate the remainder when p(-6) is divided by l.
12
Let a be (1 - 1)*1/(-2). Let f(w) = w**2 + 14*w + 45. Let p be f(-10). Suppose -p = -d - a. Calculate the remainder when 10 is divided by d.
0
Suppose -2337 = -10*k - 687. What is the remainder when 533 is divided by k?
38
Let t = -1012 - -1023. What is the remainder when 13 is divided by t?
2
Let a(t) = -11*t. Suppose 5*l = -2*b + 3*l, -l + 20 = 5*b. Suppose 3*h + 324 = 3*q, -b*q - 2*h + 432 = -q. What is the remainder when q is divided by a(-2)?
20
Suppose -2291 = -52*v + 3429. Calculate the remainder when v is divided by 57.
53
Let b(r) be the first derivative of r**4/4 - 5*r**3/3 + 7*r**2/2 - 5*r + 12. What is the remainder when 2/7 + 11438/98 is divided by b(5)?
27
Suppose 223*d = -222*d + 431*d + 602. Calculate the remainder when 244 is divided by d.
29
Let s(x) = -66*x + 143. Let j be s(-4). Suppose 404*z + 102 = j*z. Calculate the remainder when 38 is divided by z.
4
Let x(y) = 11*y**2 + 21*y + 94. What is the remainder when x(-22) is divided by 27?
15
Let q(n) = -2180*n - 8. Let v be q(-2). Supp